{"id":3226,"date":"2020-10-15T18:46:12","date_gmt":"2020-10-15T21:46:12","guid":{"rendered":"https:\/\/megaeletronicosjc.com.br\/index.php\/product\/fone-de-ouvido-com-fio-lighting-ltomex-al-x7\/"},"modified":"2020-10-15T18:49:06","modified_gmt":"2020-10-15T21:49:06","slug":"fone-de-ouvido-com-fio-lighting-ltomex-al-x7","status":"publish","type":"product","link":"https:\/\/topeletronicos.com.br\/index.php\/product\/fone-de-ouvido-com-fio-lighting-ltomex-al-x7\/","title":{"rendered":"Fone de ouvido com fio lighting ltomex AL-X7"},"content":{"rendered":"<p>Produto de \u00f3tima qualidade com conectores refor\u00e7ados e pre\u00e7o acess\u00edvel.<br \/>\n* para conectar em seu aparelho \u00e9 simples, ligue seu bluetooth, e escolha a op\u00e7\u00e3o &#8220;lighting&#8221;, pronto! j\u00e1 estar\u00e1 dispon\u00edvel para usar.<br \/>\n\u2013 comprimento do cabo: 1.2m\u2013 drive: 14mm\u2013 sensibilidade: 95db\/v +- 5db\u2013 resposta de frequ\u00eancia: 20hz-50khz\u2013 imped\u00e2ncia: 32ohmcaracter\u00edticas:\u2013 fio emborrachado\u2013 tons graves&#8230;<\/p>\n","protected":false},"excerpt":{"rendered":"<p>Produto de \u00f3tima qualidade com conectores refor\u00e7ados e pre\u00e7o acess\u00edvel.<\/p>\n","protected":false},"featured_media":2654,"comment_status":"open","ping_status":"closed","template":"","meta":[],"_links":{"self":[{"href":"https:\/\/topeletronicos.com.br\/index.php\/wp-json\/wp\/v2\/product\/3226"}],"collection":[{"href":"https:\/\/topeletronicos.com.br\/index.php\/wp-json\/wp\/v2\/product"}],"about":[{"href":"https:\/\/topeletronicos.com.br\/index.php\/wp-json\/wp\/v2\/types\/product"}],"replies":[{"embeddable":true,"href":"https:\/\/topeletronicos.com.br\/index.php\/wp-json\/wp\/v2\/comments?post=3226"}],"version-history":[{"count":0,"href":"https:\/\/topeletronicos.com.br\/index.php\/wp-json\/wp\/v2\/product\/3226\/revisions"}],"wp:featuredmedia":[{"embeddable":true,"href":"https:\/\/topeletronicos.com.br\/index.php\/wp-json\/wp\/v2\/media\/2654"}],"wp:attachment":[{"href":"https:\/\/topeletronicos.com.br\/index.php\/wp-json\/wp\/v2\/media?parent=3226"}],"curies":[{"name":"wp","href":"https:\/\/api.w.org\/{rel}","templated":true}]}}