{"id":3235,"date":"2020-10-15T18:46:13","date_gmt":"2020-10-15T21:46:13","guid":{"rendered":"https:\/\/megaeletronicosjc.com.br\/index.php\/product\/cabo-de-dados-para-iphone-de-3-metros-jwcom\/"},"modified":"2020-10-15T18:49:06","modified_gmt":"2020-10-15T21:49:06","slug":"cabo-de-dados-para-iphone-de-3-metros-jwcom","status":"publish","type":"product","link":"https:\/\/topeletronicos.com.br\/index.php\/product\/cabo-de-dados-para-iphone-de-3-metros-jwcom\/","title":{"rendered":"Cabo de dados para iphone De 3 Metros JWCOM"},"content":{"rendered":"<p>Cabo Dados Usb 3 metros Lightning Sincroniza\u00e7\u00e3o Carregamento R\u00e1pido JWCOM 2.0A  CBO-LP03   USB cabo e micro USB \u00e9 amplamente utilizado em dispositivos digitais de hoje como smartphones, comprimidos, MP3 players, PDAs, c\u00e2meras digitais\/filmadoras, unidades de disco r\u00edgido, e-os leitores, carregadores de bateria externa, etc. O cabo USB ajuda a maximizar o seu desempenho quando a sincroniza\u00e7\u00e3o, carregar ou a transfer\u00eancia de dados. Dur\u00e1vel utilizando apenas materiais de qualidade premium, e um resistente, revestimento de PVC dur\u00e1vel, cabo USB JWCOM \u00e9 constru\u00eddo para ligar e desligar uma e outra vez sem perda de sinal. <\/p>\n","protected":false},"excerpt":{"rendered":"<p>Cabo Usb Carregamento E Dados Lightning Jwcom <\/p>\n","protected":false},"featured_media":2414,"comment_status":"open","ping_status":"closed","template":"","meta":[],"_links":{"self":[{"href":"https:\/\/topeletronicos.com.br\/index.php\/wp-json\/wp\/v2\/product\/3235"}],"collection":[{"href":"https:\/\/topeletronicos.com.br\/index.php\/wp-json\/wp\/v2\/product"}],"about":[{"href":"https:\/\/topeletronicos.com.br\/index.php\/wp-json\/wp\/v2\/types\/product"}],"replies":[{"embeddable":true,"href":"https:\/\/topeletronicos.com.br\/index.php\/wp-json\/wp\/v2\/comments?post=3235"}],"version-history":[{"count":0,"href":"https:\/\/topeletronicos.com.br\/index.php\/wp-json\/wp\/v2\/product\/3235\/revisions"}],"wp:featuredmedia":[{"embeddable":true,"href":"https:\/\/topeletronicos.com.br\/index.php\/wp-json\/wp\/v2\/media\/2414"}],"wp:attachment":[{"href":"https:\/\/topeletronicos.com.br\/index.php\/wp-json\/wp\/v2\/media?parent=3235"}],"curies":[{"name":"wp","href":"https:\/\/api.w.org\/{rel}","templated":true}]}}