{"id":3240,"date":"2020-10-15T18:46:15","date_gmt":"2020-10-15T21:46:15","guid":{"rendered":"https:\/\/megaeletronicosjc.com.br\/index.php\/product\/adaptador-receptor-bluetooth-usb-musica-p2-chamada-som-carro\/"},"modified":"2020-10-15T18:49:07","modified_gmt":"2020-10-15T21:49:07","slug":"adaptador-receptor-bluetooth-usb-musica-p2-chamada-som-carro","status":"publish","type":"product","link":"https:\/\/topeletronicos.com.br\/index.php\/product\/adaptador-receptor-bluetooth-usb-musica-p2-chamada-som-carro\/","title":{"rendered":"Adaptador Receptor Bluetooth Usb Musica P2 Chamada Som Carro"},"content":{"rendered":"<p>Receptor Car Bluetooth BT- Receiver para M\u00fasicas Sa\u00edda Auxiliar P2 USB Adaptador \u00c1udio Transmissor Player e Smartphone<br \/>\nEspecifica\u00e7\u00e3o T\u00e9cnica:<br \/>\nPermite Reproduzir \u00c1udio via Bluetooth para Equipamentos de Som<br \/>\nCompat\u00edvel com Aparelhos de Som com Entrada Auxiliar P2<br \/>\nCompat\u00edvel com Dispositivos com Bluetooth, Smartphones, PCs, Sistemas Android e iOS<br \/>\nCompat\u00edvel com Todas as Vers\u00f5es de Bluetooth<br \/>\nIdeal para Player Automotivo<br \/>\nAlcance M\u00e1ximo de 10 Metros Sem Barreira<br \/>\nPlug and Play: N\u00e3o Necessita Driver de Instala\u00e7\u00e3o<br \/>\nCabo Entrada USB para Fonte de Alimenta\u00e7\u00e3o<\/p>\n","protected":false},"excerpt":{"rendered":"<p>Com entrada auxiliar: Sim<br \/>\nCom Bluetooth: Sim<br \/>\nInclui controle remoto: N\u00e3o<br \/>\nCom cabo: N\u00e3o<br \/>\n\u00c9 kit: Sim<\/p>\n","protected":false},"featured_media":2673,"comment_status":"open","ping_status":"closed","template":"","meta":[],"_links":{"self":[{"href":"https:\/\/topeletronicos.com.br\/index.php\/wp-json\/wp\/v2\/product\/3240"}],"collection":[{"href":"https:\/\/topeletronicos.com.br\/index.php\/wp-json\/wp\/v2\/product"}],"about":[{"href":"https:\/\/topeletronicos.com.br\/index.php\/wp-json\/wp\/v2\/types\/product"}],"replies":[{"embeddable":true,"href":"https:\/\/topeletronicos.com.br\/index.php\/wp-json\/wp\/v2\/comments?post=3240"}],"version-history":[{"count":0,"href":"https:\/\/topeletronicos.com.br\/index.php\/wp-json\/wp\/v2\/product\/3240\/revisions"}],"wp:featuredmedia":[{"embeddable":true,"href":"https:\/\/topeletronicos.com.br\/index.php\/wp-json\/wp\/v2\/media\/2673"}],"wp:attachment":[{"href":"https:\/\/topeletronicos.com.br\/index.php\/wp-json\/wp\/v2\/media?parent=3240"}],"curies":[{"name":"wp","href":"https:\/\/api.w.org\/{rel}","templated":true}]}}