{"id":3244,"date":"2020-10-15T18:46:16","date_gmt":"2020-10-15T21:46:16","guid":{"rendered":"https:\/\/megaeletronicosjc.com.br\/index.php\/product\/leitor-usb-cartao-micro-sd-adaptador-pendrive\/"},"modified":"2020-10-15T18:49:08","modified_gmt":"2020-10-15T21:49:08","slug":"leitor-usb-cartao-micro-sd-adaptador-pendrive","status":"publish","type":"product","link":"https:\/\/topeletronicos.com.br\/index.php\/product\/leitor-usb-cartao-micro-sd-adaptador-pendrive\/","title":{"rendered":"Leitor Usb Cart\u00e3o Micro Sd Adaptador Pendrive"},"content":{"rendered":"<p>Leitor Usb Cart\u00e3o Micro Sd Classe 4 E 10 (suporta At\u00e9 64gb)<\/p>\n","protected":false},"excerpt":{"rendered":"<p>Interface USB 2.0 de alta velocidade (compat\u00edvel com USB 1.1)<br \/>\nAlta velocidade de transmiss\u00e3o de dados, bits taxa de 480M por segundo<br \/>\nPlug and play hot swapping<br \/>\nF\u00e1cil de instalar e usar<br \/>\nAlimentada diretamente pela porta USB<br \/>\nLeitor de cart\u00e3o \u00fanico, pequeno e f\u00e1cil de transportar<\/p>\n","protected":false},"featured_media":2424,"comment_status":"open","ping_status":"closed","template":"","meta":[],"_links":{"self":[{"href":"https:\/\/topeletronicos.com.br\/index.php\/wp-json\/wp\/v2\/product\/3244"}],"collection":[{"href":"https:\/\/topeletronicos.com.br\/index.php\/wp-json\/wp\/v2\/product"}],"about":[{"href":"https:\/\/topeletronicos.com.br\/index.php\/wp-json\/wp\/v2\/types\/product"}],"replies":[{"embeddable":true,"href":"https:\/\/topeletronicos.com.br\/index.php\/wp-json\/wp\/v2\/comments?post=3244"}],"version-history":[{"count":0,"href":"https:\/\/topeletronicos.com.br\/index.php\/wp-json\/wp\/v2\/product\/3244\/revisions"}],"wp:featuredmedia":[{"embeddable":true,"href":"https:\/\/topeletronicos.com.br\/index.php\/wp-json\/wp\/v2\/media\/2424"}],"wp:attachment":[{"href":"https:\/\/topeletronicos.com.br\/index.php\/wp-json\/wp\/v2\/media?parent=3244"}],"curies":[{"name":"wp","href":"https:\/\/api.w.org\/{rel}","templated":true}]}}