{"id":3245,"date":"2020-10-15T18:46:16","date_gmt":"2020-10-15T21:46:16","guid":{"rendered":"https:\/\/megaeletronicosjc.com.br\/index.php\/product\/cabo-de-audio-auxiliar-p2-x-p2-carro-som-fone-smartphone-pc-pmcell\/"},"modified":"2020-10-15T18:49:08","modified_gmt":"2020-10-15T21:49:08","slug":"cabo-de-audio-auxiliar-p2-x-p2-carro-som-fone-smartphone-pc-pmcell","status":"publish","type":"product","link":"https:\/\/topeletronicos.com.br\/index.php\/product\/cabo-de-audio-auxiliar-p2-x-p2-carro-som-fone-smartphone-pc-pmcell\/","title":{"rendered":"Cabo De \u00c1udio Auxiliar P2 X P2 Carro Som Fone Smartphone Pc &#8211; PMCELL"},"content":{"rendered":"<p>Seja bem-vindo, Voc\u00ea ama m\u00fasica? N\u00f3s tamb\u00e9m! Por isso, vamos falar sobre cabo P2, para voc\u00ea ouvir seu som no volume m\u00e1ximo e com muita qualidade.<br \/>\nSe voc\u00ea gosta de um bom som, precisa saber que, independentemente da qualidade do seu mixer, amplificadores ou alto-falantes, voc\u00ea nunca obter\u00e1 um bom som se n\u00e3o tiver os cabos corretos. O mais importante deles \u00e9 o P2, que est\u00e1 presente em uma infinidade de dispositivos.Cabos P2 s\u00e3o itens baratos, mas \u00e9 necess\u00e1rio investir um pouco mais se quiser uma boa qualidade de som e resist\u00eancia do produto.<br \/>\nPara ajudar voc\u00ea a apreciar o melhor som, separamos o cabo da PM Cell CB-14 um dos melhores cabos P2 dispon\u00edveis no mercado. Ele tem qualidade de som HD alto desempenho para fone de 3,5mm assim, voc\u00ea n\u00e3o ir\u00e1 se perder em meio a variedade de op\u00e7\u00f5es e modelos. Confira detalhadamente sua op\u00e7\u00e3o de compra.<\/p>\n","protected":false},"excerpt":{"rendered":"<p>O Cabo P2 x P2 Auxiliar permite conectar seu Celular no Som do Carro, Caixas de Som e muito mais! <\/p>\n","protected":false},"featured_media":2425,"comment_status":"open","ping_status":"closed","template":"","meta":[],"_links":{"self":[{"href":"https:\/\/topeletronicos.com.br\/index.php\/wp-json\/wp\/v2\/product\/3245"}],"collection":[{"href":"https:\/\/topeletronicos.com.br\/index.php\/wp-json\/wp\/v2\/product"}],"about":[{"href":"https:\/\/topeletronicos.com.br\/index.php\/wp-json\/wp\/v2\/types\/product"}],"replies":[{"embeddable":true,"href":"https:\/\/topeletronicos.com.br\/index.php\/wp-json\/wp\/v2\/comments?post=3245"}],"version-history":[{"count":0,"href":"https:\/\/topeletronicos.com.br\/index.php\/wp-json\/wp\/v2\/product\/3245\/revisions"}],"wp:featuredmedia":[{"embeddable":true,"href":"https:\/\/topeletronicos.com.br\/index.php\/wp-json\/wp\/v2\/media\/2425"}],"wp:attachment":[{"href":"https:\/\/topeletronicos.com.br\/index.php\/wp-json\/wp\/v2\/media?parent=3245"}],"curies":[{"name":"wp","href":"https:\/\/api.w.org\/{rel}","templated":true}]}}