{"id":3247,"date":"2020-10-15T18:46:16","date_gmt":"2020-10-15T21:46:16","guid":{"rendered":"https:\/\/megaeletronicosjc.com.br\/index.php\/product\/carregador-veicular-usb-duplo-3-1a-hmaston\/"},"modified":"2020-10-15T18:49:08","modified_gmt":"2020-10-15T21:49:08","slug":"carregador-veicular-usb-duplo-3-1a-hmaston","status":"publish","type":"product","link":"https:\/\/topeletronicos.com.br\/index.php\/product\/carregador-veicular-usb-duplo-3-1a-hmaston\/","title":{"rendered":"Carregador Veicular Usb Duplo 3.1a Hmaston"},"content":{"rendered":"<p>Carregador inteligente e de alta velocidade para uso veicular. Entrada USB de alta velocidade. Eficiente, r\u00e1pido e seguro. Entrada USB dupla. Utiliza\u00e7\u00e3o em aparelhos celulares, smartphones, MP4, MP3, GPS, tablets, etc.<\/p>\n","protected":false},"excerpt":{"rendered":"<p>Tipo de carregador: Veicular<br \/>\nVoltagem de entrada: 12V<br \/>\nVoltagem de sa\u00edda: 5V<\/p>\n","protected":false},"featured_media":2427,"comment_status":"open","ping_status":"closed","template":"","meta":[],"_links":{"self":[{"href":"https:\/\/topeletronicos.com.br\/index.php\/wp-json\/wp\/v2\/product\/3247"}],"collection":[{"href":"https:\/\/topeletronicos.com.br\/index.php\/wp-json\/wp\/v2\/product"}],"about":[{"href":"https:\/\/topeletronicos.com.br\/index.php\/wp-json\/wp\/v2\/types\/product"}],"replies":[{"embeddable":true,"href":"https:\/\/topeletronicos.com.br\/index.php\/wp-json\/wp\/v2\/comments?post=3247"}],"version-history":[{"count":0,"href":"https:\/\/topeletronicos.com.br\/index.php\/wp-json\/wp\/v2\/product\/3247\/revisions"}],"wp:featuredmedia":[{"embeddable":true,"href":"https:\/\/topeletronicos.com.br\/index.php\/wp-json\/wp\/v2\/media\/2427"}],"wp:attachment":[{"href":"https:\/\/topeletronicos.com.br\/index.php\/wp-json\/wp\/v2\/media?parent=3247"}],"curies":[{"name":"wp","href":"https:\/\/api.w.org\/{rel}","templated":true}]}}