{"id":3269,"date":"2020-10-15T18:46:19","date_gmt":"2020-10-15T21:46:19","guid":{"rendered":"https:\/\/megaeletronicosjc.com.br\/index.php\/product\/cabo-av-rca-audio-video-playstation-ps3-ps2-ps1\/"},"modified":"2020-10-15T18:49:09","modified_gmt":"2020-10-15T21:49:09","slug":"cabo-av-rca-audio-video-playstation-ps3-ps2-ps1","status":"publish","type":"product","link":"https:\/\/topeletronicos.com.br\/index.php\/product\/cabo-av-rca-audio-video-playstation-ps3-ps2-ps1\/","title":{"rendered":"Cabo Av Rca \u00c1udio V\u00eddeo Playstation Ps3 Ps2 Ps1"},"content":{"rendered":"<p>Cabo para conex\u00e3o de v\u00eddeo game na TV, \u00e1udio e v\u00eddeo.<\/p>\n","protected":false},"excerpt":{"rendered":"<p>Cabo para conex\u00e3o de v\u00eddeo game na TV, \u00e1udio e v\u00eddeo.<\/p>\n","protected":false},"featured_media":2709,"comment_status":"open","ping_status":"closed","template":"","meta":[],"_links":{"self":[{"href":"https:\/\/topeletronicos.com.br\/index.php\/wp-json\/wp\/v2\/product\/3269"}],"collection":[{"href":"https:\/\/topeletronicos.com.br\/index.php\/wp-json\/wp\/v2\/product"}],"about":[{"href":"https:\/\/topeletronicos.com.br\/index.php\/wp-json\/wp\/v2\/types\/product"}],"replies":[{"embeddable":true,"href":"https:\/\/topeletronicos.com.br\/index.php\/wp-json\/wp\/v2\/comments?post=3269"}],"version-history":[{"count":0,"href":"https:\/\/topeletronicos.com.br\/index.php\/wp-json\/wp\/v2\/product\/3269\/revisions"}],"wp:featuredmedia":[{"embeddable":true,"href":"https:\/\/topeletronicos.com.br\/index.php\/wp-json\/wp\/v2\/media\/2709"}],"wp:attachment":[{"href":"https:\/\/topeletronicos.com.br\/index.php\/wp-json\/wp\/v2\/media?parent=3269"}],"curies":[{"name":"wp","href":"https:\/\/api.w.org\/{rel}","templated":true}]}}