{"id":3279,"date":"2020-10-15T18:46:20","date_gmt":"2020-10-15T21:46:20","guid":{"rendered":"https:\/\/megaeletronicosjc.com.br\/index.php\/product\/cabos-p2-para-3-rca-femea-15m\/"},"modified":"2020-10-15T18:49:10","modified_gmt":"2020-10-15T21:49:10","slug":"cabos-p2-para-3-rca-femea-15m","status":"publish","type":"product","link":"https:\/\/topeletronicos.com.br\/index.php\/product\/cabos-p2-para-3-rca-femea-15m\/","title":{"rendered":"Cabos P2 Para 3 Rca F\u00eamea 1,5m"},"content":{"rendered":"<p>O Cabo \u00c1udio e V\u00eddeo com P2 x 3 RCA \u00e9 ideal para conectar aparelhos que possuam sa\u00edda RCA em aparelhos de TVs que possuam entrada P2 , como as TV&#8217;s de LED da Samsung. Com esse adaptador \u00e9 poss\u00edvel transmitir o \u00e1udio e v\u00eddeo ao mesmo tempo.<\/p>\n","protected":false},"excerpt":{"rendered":"<p>O Cabo \u00c1udio e V\u00eddeo com P2 x 3 RCA \u00e9 ideal para conectar aparelhos que possuam sa\u00edda RCA em aparelhos de TVs que possuam entrada P2 , como as TV&#8217;s de LED da Samsung. Com esse adaptador \u00e9 poss\u00edvel transmitir o \u00e1udio e v\u00eddeo ao mesmo tempo.<\/p>\n","protected":false},"featured_media":2727,"comment_status":"open","ping_status":"closed","template":"","meta":[],"_links":{"self":[{"href":"https:\/\/topeletronicos.com.br\/index.php\/wp-json\/wp\/v2\/product\/3279"}],"collection":[{"href":"https:\/\/topeletronicos.com.br\/index.php\/wp-json\/wp\/v2\/product"}],"about":[{"href":"https:\/\/topeletronicos.com.br\/index.php\/wp-json\/wp\/v2\/types\/product"}],"replies":[{"embeddable":true,"href":"https:\/\/topeletronicos.com.br\/index.php\/wp-json\/wp\/v2\/comments?post=3279"}],"version-history":[{"count":0,"href":"https:\/\/topeletronicos.com.br\/index.php\/wp-json\/wp\/v2\/product\/3279\/revisions"}],"wp:featuredmedia":[{"embeddable":true,"href":"https:\/\/topeletronicos.com.br\/index.php\/wp-json\/wp\/v2\/media\/2727"}],"wp:attachment":[{"href":"https:\/\/topeletronicos.com.br\/index.php\/wp-json\/wp\/v2\/media?parent=3279"}],"curies":[{"name":"wp","href":"https:\/\/api.w.org\/{rel}","templated":true}]}}