{"id":3282,"date":"2020-10-15T18:46:21","date_gmt":"2020-10-15T21:46:21","guid":{"rendered":"https:\/\/megaeletronicosjc.com.br\/index.php\/product\/cabo-de-dados-sata-p-hd-50cm-180g-180g-oem-trv-pc-cbst04-plus-cable\/"},"modified":"2020-10-15T18:49:10","modified_gmt":"2020-10-15T21:49:10","slug":"cabo-de-dados-sata-p-hd-50cm-180g-180g-oem-trv-pc-cbst04-plus-cable","status":"publish","type":"product","link":"https:\/\/topeletronicos.com.br\/index.php\/product\/cabo-de-dados-sata-p-hd-50cm-180g-180g-oem-trv-pc-cbst04-plus-cable\/","title":{"rendered":"Cabo de Dados Sata p\/ HD 50cm 180G\/180G OEM TRV PC-CBST04 Plus Cable"},"content":{"rendered":"<p>Cabo de dados SATA de alta qualidade com trava met\u00e1lica, ideal para liga\u00e7\u00e3o de perif\u00e9ricos SATA, como HDs e unidades de CD\/DVD.<\/p>\n","protected":false},"excerpt":{"rendered":"<p>Cabo de dados SATA de alta qualidade com trava met\u00e1lica, ideal para liga\u00e7\u00e3o de perif\u00e9ricos SATA, como HDs e unidades de CD\/DVD.<\/p>\n","protected":false},"featured_media":2453,"comment_status":"open","ping_status":"closed","template":"","meta":[],"_links":{"self":[{"href":"https:\/\/topeletronicos.com.br\/index.php\/wp-json\/wp\/v2\/product\/3282"}],"collection":[{"href":"https:\/\/topeletronicos.com.br\/index.php\/wp-json\/wp\/v2\/product"}],"about":[{"href":"https:\/\/topeletronicos.com.br\/index.php\/wp-json\/wp\/v2\/types\/product"}],"replies":[{"embeddable":true,"href":"https:\/\/topeletronicos.com.br\/index.php\/wp-json\/wp\/v2\/comments?post=3282"}],"version-history":[{"count":0,"href":"https:\/\/topeletronicos.com.br\/index.php\/wp-json\/wp\/v2\/product\/3282\/revisions"}],"wp:featuredmedia":[{"embeddable":true,"href":"https:\/\/topeletronicos.com.br\/index.php\/wp-json\/wp\/v2\/media\/2453"}],"wp:attachment":[{"href":"https:\/\/topeletronicos.com.br\/index.php\/wp-json\/wp\/v2\/media?parent=3282"}],"curies":[{"name":"wp","href":"https:\/\/api.w.org\/{rel}","templated":true}]}}