{"id":3285,"date":"2020-10-15T18:46:21","date_gmt":"2020-10-15T21:46:21","guid":{"rendered":"https:\/\/megaeletronicosjc.com.br\/index.php\/product\/carregador-portatil-power-bank-10-000-mah-inova\/"},"modified":"2020-10-15T18:49:10","modified_gmt":"2020-10-15T21:49:10","slug":"carregador-portatil-power-bank-10-000-mah-inova","status":"publish","type":"product","link":"https:\/\/topeletronicos.com.br\/index.php\/product\/carregador-portatil-power-bank-10-000-mah-inova\/","title":{"rendered":"Carregador Port\u00e1til Power Bank 10.000 Mah INOVA"},"content":{"rendered":"<p>Carregador Port\u00e1til Power Bank 10.000 Mah, bateria m\u00f3vel para voc\u00ea levar em sua bolsa, mochila, mala ou at\u00e9 mesmo em seu bolso. Com ela, voc\u00ea pode carregar seu celular a qualquer momento, com sua pot\u00eancia de 10.000mah, \u00e9 poss\u00edvel carregar seu celular 100% de 2 a 3 vezes. Caso sua Power bank descarregue, basta carrega-la com com cabo usb que acompanha o produto.<\/p>\n","protected":false},"excerpt":{"rendered":"<p>Capacidade pra carregar at\u00e9 3 aparelhos ao mesmo tempo com cargas completas. Possui luzes indicativa de nivel da bateria do armazenamento e uma luz de led que pode servir at\u00e9 como lanterna<br \/>\nbot\u00e3o liga e desliga.<\/p>\n","protected":false},"featured_media":2891,"comment_status":"open","ping_status":"closed","template":"","meta":[],"_links":{"self":[{"href":"https:\/\/topeletronicos.com.br\/index.php\/wp-json\/wp\/v2\/product\/3285"}],"collection":[{"href":"https:\/\/topeletronicos.com.br\/index.php\/wp-json\/wp\/v2\/product"}],"about":[{"href":"https:\/\/topeletronicos.com.br\/index.php\/wp-json\/wp\/v2\/types\/product"}],"replies":[{"embeddable":true,"href":"https:\/\/topeletronicos.com.br\/index.php\/wp-json\/wp\/v2\/comments?post=3285"}],"version-history":[{"count":0,"href":"https:\/\/topeletronicos.com.br\/index.php\/wp-json\/wp\/v2\/product\/3285\/revisions"}],"wp:featuredmedia":[{"embeddable":true,"href":"https:\/\/topeletronicos.com.br\/index.php\/wp-json\/wp\/v2\/media\/2891"}],"wp:attachment":[{"href":"https:\/\/topeletronicos.com.br\/index.php\/wp-json\/wp\/v2\/media?parent=3285"}],"curies":[{"name":"wp","href":"https:\/\/api.w.org\/{rel}","templated":true}]}}