{"id":3299,"date":"2020-10-15T18:46:25","date_gmt":"2020-10-15T21:46:25","guid":{"rendered":"https:\/\/megaeletronicosjc.com.br\/index.php\/product\/cabo-triplo-corda\/"},"modified":"2020-10-15T18:49:12","modified_gmt":"2020-10-15T21:49:12","slug":"cabo-triplo-corda","status":"publish","type":"product","link":"https:\/\/topeletronicos.com.br\/index.php\/product\/cabo-triplo-corda\/","title":{"rendered":"Cabo triplo corda"},"content":{"rendered":"<p>Este cabo conecta seu smatrphone, tablet, Pc ou Mp3 player com conector micro 5 pinos \/ 8 pinos a porta USB do componente para sincroniza\u00e7\u00e3o e carregamento ou a adaptador de energia USB para carregamento atrav\u00e9s de uma tomada de parede.<\/p>\n","protected":false},"excerpt":{"rendered":"<p>Cabo para carregamento de transmiss\u00e3o de dados. Compat\u00edvel com todas as vers\u00f5es USB.<\/p>\n","protected":false},"featured_media":2916,"comment_status":"open","ping_status":"closed","template":"","meta":[],"_links":{"self":[{"href":"https:\/\/topeletronicos.com.br\/index.php\/wp-json\/wp\/v2\/product\/3299"}],"collection":[{"href":"https:\/\/topeletronicos.com.br\/index.php\/wp-json\/wp\/v2\/product"}],"about":[{"href":"https:\/\/topeletronicos.com.br\/index.php\/wp-json\/wp\/v2\/types\/product"}],"replies":[{"embeddable":true,"href":"https:\/\/topeletronicos.com.br\/index.php\/wp-json\/wp\/v2\/comments?post=3299"}],"version-history":[{"count":0,"href":"https:\/\/topeletronicos.com.br\/index.php\/wp-json\/wp\/v2\/product\/3299\/revisions"}],"wp:featuredmedia":[{"embeddable":true,"href":"https:\/\/topeletronicos.com.br\/index.php\/wp-json\/wp\/v2\/media\/2916"}],"wp:attachment":[{"href":"https:\/\/topeletronicos.com.br\/index.php\/wp-json\/wp\/v2\/media?parent=3299"}],"curies":[{"name":"wp","href":"https:\/\/api.w.org\/{rel}","templated":true}]}}