{"id":3304,"date":"2020-10-15T18:46:25","date_gmt":"2020-10-15T21:46:25","guid":{"rendered":"https:\/\/megaeletronicosjc.com.br\/index.php\/product\/adaptador-placa-de-rede-externa-usb-para-rj45-usb-lan\/"},"modified":"2020-10-15T18:49:12","modified_gmt":"2020-10-15T21:49:12","slug":"adaptador-placa-de-rede-externa-usb-para-rj45-usb-lan","status":"publish","type":"product","link":"https:\/\/topeletronicos.com.br\/index.php\/product\/adaptador-placa-de-rede-externa-usb-para-rj45-usb-lan\/","title":{"rendered":"Adaptador Placa De Rede Externa Usb Para Rj45 Usb Lan"},"content":{"rendered":"<p>Adaptador USB de rede Lan Ethernet 10\/100 RJ 45 Via Porta USB<br \/>\nAdaptador de rede que funciona pela USB:<br \/>\nPode ser Usado em Notebook ou Desktop basta que tenha uma porta USB.<br \/>\nCompatibilidade com redes de 10 mbps ,Half \/full Duplex<br \/>\nDetecta automaticamente a velocidade da rede<br \/>\nInterface RJ45 ( Cabo de Rede Comum )<br \/>\nSuporta USB suspende \/resume detecto logica<br \/>\nSuporta 4 Endpoints<br \/>\nN\u00e3o necessita de nenhuma fonte externa de energia , \u00e9 alimentada pela a pr\u00f3pria USB.<\/p>\n","protected":false},"excerpt":{"rendered":"<p>Adaptador USB de rede Lan Ethernet 10\/100 RJ 45 Via Porta USB<br \/>\nAdaptador de rede que funciona pela USB:<br \/>\nPode ser Usado em Notebook ou Desktop basta que tenha uma porta USB.<\/p>\n","protected":false},"featured_media":2926,"comment_status":"open","ping_status":"closed","template":"","meta":[],"_links":{"self":[{"href":"https:\/\/topeletronicos.com.br\/index.php\/wp-json\/wp\/v2\/product\/3304"}],"collection":[{"href":"https:\/\/topeletronicos.com.br\/index.php\/wp-json\/wp\/v2\/product"}],"about":[{"href":"https:\/\/topeletronicos.com.br\/index.php\/wp-json\/wp\/v2\/types\/product"}],"replies":[{"embeddable":true,"href":"https:\/\/topeletronicos.com.br\/index.php\/wp-json\/wp\/v2\/comments?post=3304"}],"version-history":[{"count":0,"href":"https:\/\/topeletronicos.com.br\/index.php\/wp-json\/wp\/v2\/product\/3304\/revisions"}],"wp:featuredmedia":[{"embeddable":true,"href":"https:\/\/topeletronicos.com.br\/index.php\/wp-json\/wp\/v2\/media\/2926"}],"wp:attachment":[{"href":"https:\/\/topeletronicos.com.br\/index.php\/wp-json\/wp\/v2\/media?parent=3304"}],"curies":[{"name":"wp","href":"https:\/\/api.w.org\/{rel}","templated":true}]}}